be the second derivative of 0 + 4*j - 1/3*j**3 - j**2. What is m(5)?
-12
Let v(h) = 56*h - 2. Suppose 5*p - 2*y = -5*y + 7, -3*p - 11 = -2*y. What is v(p)?
-58
Let a(z) = 4*z**2 + 1. Let m be 1/(1/4) + (-1 - -2). Suppose m*t + 4*r = -4 + 11, 6 = 2*r. Determine a(t).
5
Let b(a) = -a + 25. Let v(d) = d - 26. Let l(g) = -5*b(g) - 4*v(g). Determine l(13).
-8
Let m be (-392)/(-63) - 4/18. Suppose 0 = m*s - s + 25. Let x be 0 + -4 + 0 - s. Let n(k) = -11*k**3 - k**2 + k. Calculate n(x).
-11
Let x(g) = g - 3. Let d(c) = -c**3 + 24*c**2 - 23*c + 4. Let m be d(23). Calculate x(m).
1
Let g(k) = -k - 8. Let t be -30 - (4 + -5 + 1). Let c = -36 - t. What is g(c)?
-2
Let r(w) = -w + 7. Suppose -96 = 42*c + 114. Give r(c).
12
Suppose 2*r + 2 = 2*w - 14, -r = -3*w + 14. Let t(o) be the third derivative of 5*o**4/24 + 17*o**2. What is t(w)?
15
Let j(d) be the first derivative of d**3/3 + 11*d**2/2 + 3*d + 104. What is j(-5)?
-27
Suppose -5*t + 18 = -27. Let f be (3/t)/(4/(-36)). Let j be -3 - (0 + f - 3). Let x(n) = 5*n - 3. Calculate x(j).
12
Let i(b) be the second derivative of -b**3/6 - b**2 - 2*b. Let s(l) = l**2 + 12*l - 813. Let k be s(-35). Give i(k).
6
Let p(u) = -4*u - 27. Let n(y) = 2*y**2 + 15*y - 62. Let h be n(-10). Determine p(h).
21
Let y be -2 + (-1 - -4) - 0. Let h(z) = -38 + 11*z + 59 - 22. Give h(y).
10
Let x(i) be the third derivative of -i**5/15 + 5*i**4/24 - i**3/3 - 43*i**2. Determine x(2).
-8
Let o(y) = y**3 - 6*y**2 - 11*y + 8. Suppose n - 11 = -2*d, -33 = -5*n + 13*d - 12*d. Give o(n).
-20
Let v(y) = -y**3 - 4*y**2 + 3*y + 1. Suppose -2 = -2*w - f, 3*w + 3*f + 6 = 6*f. Suppose w = m + 19 - 15. Calculate v(m).
-11
Let b(c) = 10*c**2 - 12*c - 4*c**2 + 4 - 5*c**2 + 4*c. Calculate b(8).
4
Let i(o) = -6*o - 5. Suppose -10 = 56*y - 58*y. Calculate i(y).
-35
Let o be 30/(2 - -4) + -2 - 0. Let n(v) = 3*v**2 - v - 2. Determine n(o).
22
Let b(o) = -9*o**2 + 86. Let l(q) = -2*q**2 + 6. Let v(y) = b(y) - 5*l(y). Give v(0).
56
Suppose 4*x = 115 + 169. Suppose -55 = -7*j + x. Let m be (-18 + j)/(2/(-2)). Let b(c) = c**3 - c**2 - c. Give b(m).
0
Suppose 5*f + 27 = a - 0*f, 2 = -4*a - 2*f. Let q(g) = -1 + g**2 + 2 + g - 2*g. What is q(a)?
3
Let x be ((-9)/(-6))/(-3)*-54. Let c be (-6)/x - (-2)/9. Let u(k) = k**2 + k - 14. Give u(c).
-14
Let s(c) = c**3 + 4*c**2 - 4*c - 2. Let n be ((-15)/6)/((-4)/8). Let o(x) = 6 + x**3 - 3*x + 10*x**2 + n*x + 9. Let t be o(-10). What is s(t)?
-7
Suppose -15*i + 17*i = -4*g - 12, 5*g + 17 = -2*i. Let d(o) = 0 - o**2 + o**3 + 4 - 2 + 7*o**2 + 6*o. What is d(g)?
-3
Let k(m) = 3*m + 2. Let f = -1470 + 1473. Give k(f).
11
Let k be (-15 + 16)/((-3)/(-21)). Let a(g) = -g**3 + 7*g**2 + 2*g - 9. Calculate a(k).
5
Let f(q) = -q - 3. Let x be 2/3 + (-896)/(-42). Let d = x - 10. Suppose -2*a - d = b, 0 = -5*b - 4*a - 46 + 4. Calculate f(b).
3
Suppose -4*d = -3*u - 19, -2*u = -3*d + 5 + 9. Let v(c) = c**2 - 4*c - 2. Determine v(d).
-2
Suppose 0 = 4*y - y - 3. Suppose 3*f + y = -5*g + 6, -5*g = f + 5. Let k(j) = -j**2 + 2 - j + 6*j - f*j. Calculate k(-3).
-7
Let o(i) = -i**3 + 4*i**2 + 4*i + 4. Suppose 0*m + 3*l + 15 = 3*m, -m = 4*l + 10. Suppose 5*v - m*t = 17, t - 29 = v - 6*v. What is o(v)?
-1
Suppose 2*w = 3*n, 4*w - 3 = 9. Let v(y) be the second derivative of 7*y**3/6 - y**2 + 2*y. Calculate v(n).
12
Let z(o) = 5*o**3 + o**2 - 7*o - 3. Let m(y) = -4*y**3 + 6*y + 3. Let w(i) = 6*m(i) + 5*z(i). Let l be (-5)/5 + (0 - 13). Let n = l - -9. Give w(n).
-2
Let l be (-1 - (-16)/6)*-3. Let q(n) be the second derivative of -20 - 3/2*n**2 + 1/12*n**4 - 2*n + 2/3*n**3. What is q(l)?
2
Let o = -67 + 64. Let s(j) = -j**2 + 1. Let m(z) = -z**2 + 2*z + 3. Let u(v) = -m(v) + 2*s(v). Calculate u(o).
-4
Let c(g) be the second derivative of -g**5/20 + 5*g**2/2 + 3*g. Let i(m) = -m**3 - 8*m**2 - 7*m. Let j be i(-7). Give c(j).
5
Let x(q) be the second derivative of -q**5/20 - q**4/3 + 2*q**3/3 + q**2 + 2*q. Let k(a) = 2*a + 7. Let p be k(-6). Calculate x(p).
7
Let u(m) = 18*m + 1. Suppose -5*x = 10 - 30. Suppose -4*k - 12 = -x*b, k + b = 3*k + 2. Determine u(k).
19
Suppose 8 = 6*r + 32. Let l be (-184)/(-40) - r/10. Let y(g) = g**3 - 5*g**2 + 3. Determine y(l).
3
Let i be 9/(-18) + 1/2. Suppose -b = -1 - 2. Let m(t) = t**2 + 3*t**b + i*t**3 - 13*t**3. Give m(1).
-9
Suppose 0 = 5*b - 4*n - 70, 0 = -5*b - 4*n - 0*n + 110. Let x be 1/(-3) - (-24)/b. Let j(z) = -z + 2*z + x - 3 + 1. Determine j(-5).
-6
Let z = -950 - -961. Let o(g) = -g**3 + 11*g**2 - 2*g + 20. Give o(z).
-2
Let c = -144 - -142. Let v(w) = -5*w**2 - 3*w. Give v(c).
-14
Let h be 12/24*-8 + 3. Let y(d) = 4*d**2 - 2*d - 3. What is y(h)?
3
Let f(x) = -x**3 - 6*x**2 + 4. Suppose -4*t - 3*j = 183 + 183, 0 = 5*j + 10. Let l = -96 - t. Calculate f(l).
4
Let r(c) be the second derivative of c**3/6 - 2*c**2 - 56*c. Give r(6).
2
Let b be 33/27 + (0 - 6/27). Let r(m) = 6*m + 9*m - 18*m + 2*m + b. Calculate r(0).
1
Let n(o) be the second derivative of -9/2*o**2 + 2*o**3 + 0 - 27*o + 1/12*o**4. Calculate n(-13).
4
Let t = -2 - -5. Let f(d) = -2*d + 1. Let b(r) = -r + 1. Let k(h) = -b(h) + f(h). Let g(p) = -2*p - 1. Let i(q) = t*g(q) - 8*k(q). Calculate i(5).
7
Suppose 20 = p - 6*p. Let q(j) = -9 + 6 - 1 - 2*j - 2. Calculate q(p).
2
Suppose -2*b + 28 = 2*b. Let u(v) = -3*v**3 - 9*v**2 - 2*v + 16. Let w(p) = 5*p**3 + 13*p**2 + 3*p - 24. Let c(z) = -8*u(z) - 5*w(z). Determine c(b).
-1
Let l(q) = q**3 - 5*q**2 + q + 5. Suppose -2*r = -8, -5*f = -r + 2 + 2. Suppose x - 42 + 37 = f. Calculate l(x).
10
Let v(d) = d**2 + 2*d. Let j be v(-3). Let r(z) = 0*z**j + z + 16*z**2 - z**3 - 17*z**2 + 1. Let n = 13 + -15. Determine r(n).
3
Let k(d) = -d**2 + 309 + 2*d - 8*d + 312 - 620. Calculate k(-4).
9
Let w(l) be the third derivative of -l**5/60 - 2*l**4/3 - 7*l**3/2 + l**2. Let q be (35/7)/(-1*(-2)/(-6)). Let p be w(q). Let u(n) = n + 1. Calculate u(p).
-5
Suppose 0 = 3*a - 5*a - 10. Let q be 20/(-1 + -3)*-1. Let m(r) = q*r - 5*r + 7 + 3*r - r. Give m(a).
-3
Suppose 82*k - 78*k + 32 = 0. Let p(n) = n**3 + 9*n**2 + 8*n - 3. Calculate p(k).
-3
Let u(q) = 3*q + 7. Let n be u(3). Let s = 16 - n. Let z(w) = -w**3 + w**2 + w + 7. Give z(s).
7
Let t(o) = -6*o**2 + 15*o**2 - 6 - 7*o + o - o**2 - o**3. Determine t(7).
1
Let q(o) = 2*o. Suppose -4*u = -5*u - 2. Let n(s) = s + 5. Let d be n(u). Give q(d).
6
Let g(h) = -19 + 12 + h**2 + 2*h + h**2 + 3*h**3 + 5 - 3*h**2. Determine g(2).
22
Let u(s) = s - 3*s**2 + 2*s**3 + 2*s**2 - s**3. Suppose -4*v + 1258 = 1254. Determine u(v).
1
Let u(i) = -i**2. Let f(k) = k**3 + 4*k**2 + 4*k + 7. Let r(p) = f(p) - u(p). Suppose 3*g - 15 = 0, 2*t + 35 = -g + 6*g. What is r(t)?
-13
Let d(y) = y**2 - 6*y - 8. Let t = -79 + 86. What is d(t)?
-1
Let y(d) = -d**3 + 6*d**2 + 2*d + 3. Suppose 0 = 6*a - 79 + 43. Give y(a).
15
Let m(t) = -3*t + 61. Let i(b) = -4*b + 92. Let d(v) = 5*i(v) - 8*m(v). Let s be d(9). Let u(k) = k**3 - 9*k**2 + 7*k + 5. Determine u(s).
-3
Let p(d) be the third derivative of d**4/24 + d**3/6 - 6*d**2. Let x(j) = j**3 - 4*j**2. Let u be x(4). Let t be u/(2*(-4)/8). What is p(t)?
1
Let g = -14 + 20. Let l(r) = r - r - 7 - r**2 - 2*r**3 + g. Suppose -2*y = -5*x - 20, -5*x - 5*y = -y - 10. Calculate l(x).
11
Suppose -5 = -l - 3. Suppose -33 = 2*n + 4*p - 1, l*p = n. Let o(k) = -k**2 - 7*k + 4. What is o(n)?
-4
Let o(h) be the first derivative of 14 - 5/2*h**2 + 7*h - 1/3*h**3. Determine o(-8).
-17
Let c(l) = 9*l**3 - 2*l**2 - 13*l - 3. Let s(t) = 4*t**3 + t**2 - 1. Let m(n) = c(n) - 2*s(n). What is m(6)?
-7
Let z(c) = -3*c**2 - 6. Let d = -9 + 13. Let i(h) be the third derivative of h**5/60 + h**3/6 + 10*h**2. Let v(n) = d*i(n) + z(n). Determine v(3).
7
Let k(f) be the first derivative of f**2/2 + 8*f + 176. What is k(0)?
8
Let j(f) be the second derivative of f**6/120 - f**5/12 - 3*f**4/8 + 4*f**3/3 - 2*f**2 - 46*f. Let o(q) be the first derivative of j(q). Give o(6).
-10
Suppose -5*q - 3*n + 5 = -43, 3*q = -n + 32. Let o be (5/(-10)*2)/(2/q). Let f(v) = v**3 + 5*v**2 - 7*v - 8. Determine f(o).
-2
Let z(x) = -x**2 - x - 1. Suppose -5 = -7*s + 8*s, j + s = -5. Calculate z(j).
-1
Suppose -5*y - 72 = -17*y. Let x(v) = v**2 + 2*v - 9. Calculate x(y).
39
Let y(a) = 0*a - 2*a**2 + 4 + a**2 - 5*a. Let b = -8 + 12. Suppose -4*q = 5*u + 14, -u + 3*q + 6 = -b*u. Determine y